ed by 263.
256
Calculate the remainder when 37729 is divided by 770.
769
What is the remainder when 1167 is divided by 193?
9
Calculate the remainder when 16719 is divided by 5541.
96
Calculate the remainder when 1321948 is divided by 175.
173
What is the remainder when 24079 is divided by 16?
15
What is the remainder when 13012 is divided by 18?
16
What is the remainder when 35848 is divided by 35845?
3
Calculate the remainder when 1923 is divided by 120.
3
What is the remainder when 22529 is divided by 78?
65
Calculate the remainder when 21165 is divided by 14.
11
Calculate the remainder when 121685 is divided by 24337.
0
What is the remainder when 3483 is divided by 544?
219
What is the remainder when 30711 is divided by 154?
65
Calculate the remainder when 18202 is divided by 320.
282
Calculate the remainder when 51550 is divided by 25775.
0
What is the remainder when 368851 is divided by 202?
201
Calculate the remainder when 11711 is divided by 692.
639
What is the remainder when 18130 is divided by 5930?
340
Calculate the remainder when 4102 is divided by 572.
98
Calculate the remainder when 5842 is divided by 94.
14
What is the remainder when 74722 is divided by 78?
76
Calculate the remainder when 3084 is divided by 2854.
230
Calculate the remainder when 51524 is divided by 45.
44
What is the remainder when 25534 is divided by 116?
14
Calculate the remainder when 272 is divided by 124.
24
Calculate the remainder when 50760 is divided by 113.
23
What is the remainder when 5681 is divided by 189?
11
Calculate the remainder when 2020 is divided by 872.
276
Calculate the remainder when 14704 is divided by 204.
16
Calculate the remainder when 1128 is divided by 10.
8
What is the remainder when 74652 is divided by 74648?
4
Calculate the remainder when 3972127 is divided by 290.
287
Calculate the remainder when 181 is divided by 151.
30
What is the remainder when 1916 is divided by 726?
464
Calculate the remainder when 1395133 is divided by 45.
43
Calculate the remainder when 116 is divided by 45.
26
Calculate the remainder when 31454 is divided by 27.
26
What is the remainder when 3401 is divided by 62?
53
What is the remainder when 3220 is divided by 273?
217
Calculate the remainder when 54952 is divided by 7.
2
What is the remainder when 2635 is divided by 858?
61
What is the remainder when 3385 is divided by 53?
46
What is the remainder when 16292 is divided by 4073?
0
What is the remainder when 124917 is divided by 8?
5
Calculate the remainder when 2180 is divided by 23.
18
What is the remainder when 116766 is divided by 50?
16
What is the remainder when 66829 is divided by 22276?
1
What is the remainder when 1457063 is divided by 126?
125
Calculate the remainder when 3505 is divided by 761.
461
What is the remainder when 131533 is divided by 53?
40
What is the remainder when 906 is divided by 281?
63
Calculate the remainder when 463883 is divided by 5947.
17
Calculate the remainder when 842606 is divided by 2011.
2008
What is the remainder when 1218 is divided by 591?
36
What is the remainder when 447218 is divided by 37?
36
Calculate the remainder when 547824 is divided by 109564.
4
What is the remainder when 13909 is divided by 13639?
270
What is the remainder when 96009 is divided by 136?
129
What is the remainder when 10881 is divided by 39?
0
Calculate the remainder when 936 is divided by 47.
43
Calculate the remainder when 35217 is divided by 35155.
62
What is the remainder when 27037 is divided by 342?
19
Calculate the remainder when 6564051 is divided by 1832.
1827
Calculate the remainder when 37346 is divided by 2872.
10
Calculate the remainder when 14197 is divided by 2839.
2
What is the remainder when 6104 is divided by 6079?
25
What is the remainder when 6955 is divided by 1325?
330
Calculate the remainder when 158478 is divided by 16.
14
Calculate the remainder when 7284 is divided by 362.
44
What is the remainder when 4061 is divided by 1890?
281
Calculate the remainder when 68705 is divided by 17.
8
Calculate the remainder when 9731 is divided by 6.
5
Calculate the remainder when 123928 is divided by 53.
14
What is the remainder when 540 is divided by 125?
40
What is the remainder when 219255 is divided by 73080?
15
Calculate the remainder when 57962 is divided by 139.
138
What is the remainder when 88983 is divided by 392?
391
Calculate the remainder when 2545 is divided by 455.
270
Calculate the remainder when 32612 is divided by 94.
88
What is the remainder when 550 is divided by 409?
141
Calculate the remainder when 273402 is divided by 72.
18
What is the remainder when 221168 is divided by 8?
0
What is the remainder when 47235 is divided by 1?
0
Calculate the remainder when 33646 is divided by 23.
20
Calculate the remainder when 95363 is divided by 763.
751
What is the remainder when 9894 is divided by 822?
30
What is the remainder when 4171 is divided by 3965?
206
What is the remainder when 211431 is divided by 35236?
15
What is the remainder when 54203 is divided by 484?
479
What is the remainder when 28968 is divided by 114?
12
What is the remainder when 327397 is divided by 54565?
7
What is the remainder when 9072 is divided by 313?
308
Calculate the remainder when 258 is divided by 215.
43
Calculate the remainder when 7317 is divided by 7279.
38
Calculate the remainder when 47611 is divided by 192.
187
What is the remainder when 8062 is divided by 126?
124
Calculate the remainder when 39396 is divided by 499.
474
Calculate the remainder when 398799 is divided by 2417.
2411
What is the remainder when 38106 is divided by 2005?
11
What is the remainder when 6673 is divided by 44?
29
What is the remainder when 26102 is divided by 900?
2
What is the remainder when 912131 is divided by 15?
11
Calculate the remainder when 3096 is divided by 765.
36
What is the remainder when 117681 is divided by 137?
135
What is the remainder when 721137 is divided by 51?
48
What is the remainder when 129899 is divided by 3608?
11
What is the remainder when 1888 is divided by 157?
4
What is the remainder when 5059 is divided by 736?
643
Calculate the remainder when 474 is divided by 110.
34
Calculate the remainder when 1417002 is divided by 708495.
12
Calculate the remainder when 152369 is divided by 133.
84
Calculate the remainder when 63898 is divided by 1359.
25
Calculate the remainder when 1945 is divided by 234.
73
What is the remainder when 139592 is divided by 13952?
72
What is the remainder when 1503025 is divided by 69?
67
What is the remainder when 9301 is divided by 565?
261
Calculate the remainder when 750 is divided by 125.
0
What is the remainder when 2334 is divided by 648?
390
Calculate the remainder when 14543 is divided by 221.
178
Calculate the remainder when 4973 is divided by 2358.
257
What is the remainder when 5212 is divided by 20?
12
What is the remainder when 5676 is divided by 1805?
261
What is the remainder when 5762 is divided by 22?
20
Calculate the remainder when 252268 is divided by 30.
28
Calculate the remainder when 776302 is divided by 3843.
16
What is the remainder when 9928 is divided by 5?
3
What is the remainder when 4974 is divided by 858?
684
What is the remainder when 6710 is divided by 41?
27
Calculate the remainder when 13398 is divided by 53.
42
Calculate the remainder when 6765 is divided by 232.
37
What is the remainder when 76677 is divided by 135?
132
What is the remainder when 3169 is divided by 233?
140
What is the remainder when 58083 is divided by 370?
363
What is the remainder when 317453 is divided by 16708?
1
Calculate the remainder when 388 is divided by 37.
18
What is the remainder when 1794 is divided by 127?
16
Calculate the remainder when 24296 is divided by 2634.
590
Calculate the remainder when 44700 is divided by 3.
0
What is the remainder when 207 is divided by 141?
66
Calculate the remainder when 13970 is divided by 3422.
282
Calculate the remainder when 499741 is divided by 125.
116
Calculate the remainder when 41078 is divided by 1785.
23
What is the remainder when 13663 is divided by 13659?
4
Calculate the remainder when 527216 is divided by 175728.
32
What is the remainder when 277951 is divided by 557?
8
Calculate the remainder when 14849 is divided by 82.
7
Cal